+ 3?
-124
In base 8, what is 61 + 1000?
1061
In base 11, what is 18 + 14?
31
In base 7, what is -1065 + -3?
-1101
In base 4, what is 2101 - -22?
2123
In base 4, what is -310031 + -2?
-310033
In base 9, what is 5 - -550?
555
In base 2, what is -10010100 - -100?
-10010000
In base 7, what is 33546 + -2?
33544
In base 2, what is 1101010010100 + -101?
1101010001111
In base 2, what is -111000110 + -10?
-111001000
In base 9, what is -3762 + 2?
-3760
In base 6, what is -5 + 1341?
1332
In base 12, what is 40 - 217?
-197
In base 9, what is -85 + -5?
-101
In base 4, what is 110 + 30102?
30212
In base 9, what is -2661 + 0?
-2661
In base 4, what is -13 + 10000?
3321
In base 9, what is 1 - -51?
52
In base 14, what is -6 - 9b?
-a3
In base 14, what is -5 + 8?
3
In base 4, what is -3 - -1103?
1100
In base 11, what is -558 - -4?
-554
In base 11, what is -5 - 302?
-307
In base 11, what is -9 - -6?
-3
In base 4, what is -22 - 1112?
-1200
In base 14, what is 1 - -80?
81
In base 14, what is -99 + -2?
-9b
In base 3, what is 12 - 100100?
-100011
In base 3, what is -22 - -1201?
1102
In base 13, what is 57 + -a3?
-49
In base 15, what is -b + 13?
7
In base 13, what is -208 - 5?
-210
In base 6, what is 2 - 245?
-243
In base 4, what is 0 - -10331?
10331
In base 7, what is 1 - -231?
232
In base 7, what is 45041 + -2?
45036
In base 12, what is -6 - 808?
-812
In base 6, what is 1403 - 21?
1342
In base 8, what is -1 + -7343?
-7344
In base 14, what is 4 + 689?
68d
In base 4, what is 220 - 10?
210
In base 5, what is -11 - -2303?
2242
In base 5, what is -10 - 30?
-40
In base 8, what is 615 + -4?
611
In base 8, what is -32 - -33?
1
In base 10, what is 1 + -355?
-354
In base 4, what is 30 + 30?
120
In base 2, what is -110100 + -100110?
-1011010
In base 6, what is 5 + -54?
-45
In base 5, what is -12240 - 4?
-12244
In base 15, what is 94 - 5?
8e
In base 13, what is 246 - 3?
243
In base 10, what is -13 + -1?
-14
In base 9, what is 223 + 0?
223
In base 5, what is -1 - -1131?
1130
In base 9, what is 66 + -1?
65
In base 3, what is -21201 + 2201?
-12000
In base 15, what is 174b + 3?
174e
In base 7, what is -3621 + 2?
-3616
In base 9, what is 4 + -176?
-172
In base 11, what is 2 - -3076?
3078
In base 14, what is 5 + -c?
-7
In base 13, what is -78 + 0?
-78
In base 14, what is -7 + 1?
-6
In base 10, what is 1 + 3?
4
In base 3, what is -1100 + -1110?
-2210
In base 8, what is 3 - -773?
776
In base 7, what is 15035 + 0?
15035
In base 4, what is 1 + -10110?
-10103
In base 3, what is -11 - -1000?
212
In base 14, what is -10a + 30?
-ba
In base 16, what is -7f3b - -3?
-7f38
In base 6, what is 35205 + 5?
35214
In base 11, what is 3 - -198?
1a0
In base 11, what is a5 + -4?
a1
In base 10, what is 9 - -216?
225
In base 9, what is 17 - -76?
104
In base 16, what is -7a + -3?
-7d
In base 12, what is 5 + 4224?
4229
In base 9, what is -56 - -573?
516
In base 5, what is 141 + -24?
112
In base 2, what is -101 + -11100?
-100001
In base 11, what is -3a7 - -5?
-3a2
In base 2, what is -111 - -111?
0
In base 15, what is -86c - -2?
-86a
In base 12, what is 5 - -685?
68a
In base 3, what is -2121 - -2100?
-21
In base 9, what is 4 - 60?
-55
In base 9, what is 3226 - -10?
3236
In base 9, what is -2 + 272?
270
In base 3, what is -2101 + 1011?
-1020
In base 9, what is 73 + -3?
70
In base 4, what is -202211 - 11?
-202222
In base 12, what is -2 + 10?
a
In base 7, what is -111 - -253?
142
In base 10, what is -23 + -745?
-768
In base 2, what is -1101 + -111?
-10100
In base 6, what is 14 + 311?
325
In base 10, what is -18 + 358?
340
In base 9, what is 14 - -1?
15
In base 16, what is -6e9 - 4?
-6ed
In base 13, what is -361 + -9?
-36a
In base 5, what is -12 + 1202?
1140
In base 5, what is 1234 - -12?
1301
In base 7, what is -40 - -412?
342
In base 10, what is -33 + 18?
-15
In base 8, what is 11121 + 0?
11121
In base 14, what is 4 + 364?
368
In base 13, what is -53 - -4?
-4c
In base 16, what is -2 - -a?
8
In base 15, what is 1 + c4?
c5
In base 3, what is -100 - -21120?
21020
In base 11, what is 3 - 153?
-150
In base 3, what is 2 + -11222?
-11220
In base 7, what is -6 + 205?
166
In base 9, what is -1 - 1415?
-1416
In base 12, what is 57ab + 3?
57b2
In base 11, what is 85 - 0?
85
In base 5, what is -111 + 1044?
433
In base 7, what is -14 - 6?
-23
In base 16, what is -6 + -3b?
-41
In base 7, what is -3503 - -15?
-3455
In base 2, what is 1010 + -1100101001?
-1100011111
In base 8, what is -322 - -215?
-105
In base 10, what is 9 + -70?
-61
In base 2, what is 11000 + -1001001?
-110001
In base 4, what is 10103 - 123?
3320
In base 2, what is -110011 - -11?
-110000
In base 16, what is 12 - c?
6
In base 8, what is 0 - 615?
-615
In base 13, what is -105 - c?
-114
In base 15, what is -5 - de?
-e4
In base 15, what is -29 - -4d?
24
In base 11, what is 3 - 160?
-158
In base 9, what is 5 + -845?
-840
In base 14, what is 33d + -2?
33b
In base 11, what is 4045 - -2?
4047
In base 9, what is -248 + -2?
-251
In base 4, what is 122 - 0?
122
In base 8, what is 12 + -15?
-3
In base 16, what is -2 + 417?
415
In base 8, what is 11 + 3347?
3360
In base 11, what is -94 + -218?
-301
In base 12, what is -2 - 54?
-56
In base 3, what is -10 + -2002?
-2012
In base 14, what is 2 - 230?
-22c
In base 10, what is 57 + 728?
785
In base 4, what is -2320232 - -3?
-2320223
In base 4, what is 1102102 - -1?
1102103
In base 8, what is 1 + 46?
47
In base 8, what is 10 - 2?
6
In base 15, what is 13a4 + 0?
13a4
In base 8, what is 610 + -4?
604
In base 6, what is -5 - 2?
-11
In base 13, what is 5 + -c?
-7
In base 13, what is -1bb - -1?
-1ba
In base 16, what is 1 + 218?
219
In base 7, what is 5 - 326?
-321
In base 11, what is -19 - -10?
-9
In base 15, what is -14 + d?
-6
In base 7, what is 231 + -20?
211
In base 2, what is -100 - -1000111?
1000011
In base 7, what is -30 + 64?
34
In base 13, what is -14 + -6?
-1a
In base 11, what is -42a - -6?
-424
In base 9, what is 65 + 4?
70
In base 7, what is -411 - 6?
-420
In base 3, what is 212110 - -1?
212111
In base 8, what is 554 + 0?
554
In base 10, what is 4 + -3?
1
In base 11, what is -4 - 7?
-10
In base 12, what is 5 - 288?
-283
In base 8, what is 536 - 1?
535
In base 11, what is -53 - -24?
-2a
In base 4, what is -1 - 1030?
-1031
In base 6, what is 4000 - -4?
4004
In base 6, what is 4 + -44245?
-44241
In base 11, what is -12 + -19?
-30
In base 7, what is -1053 + -3?
-1056
In base 9, what is 31 - -252?
283
In base 2, what is 1011000000 + 101?
1011000101
In base 12, what is -3 + 0?
-3
In base 6, what is 330 + -5?
321
In base 2, what is -11001 - 1001101?
-1100110
In base 3, what is 20121 - 11202?
1212
In base 5, what is 1112 + 40?
1202
In base 2, what is 11101001 + 10?
11101011
In base 8, what is 114 + 3?
117
In base 10, what is 3 - 2029?
-2026
In base 8, what is 1030 - 2?
1026
In base 13, what is -ac17 - 1?
-ac18
In base 9, what is 1 + 25?
26
In base 5, what is 22 - 14?
3
In base 11, what is 9 - a05?
-9a7
In base 11, what is -2 - 1?
-3
In base 11, what is -459 + 5?
-454
In base 13, what is -84 - -8?
-79
In base 5, what is -31 + 34?
3
In base 8, what is 16 - -151?
167
In base 13, what is 0 + -205?
-205
In base 9, what is -6 - 682?
-688
In base 15, what is 188 + 27?
1b0
In base 16, what is 3 + -1a0?
-19d
In base 15, what is -254 - -2?
-252
In base 11, what is 0 + 89?
89
In base 2, what is 0 - 1001111010011?
-1001111010011
In base 8, what is -3 - -3?
0
In base 3, what is -21011 + 1121?
-12120
In base 10, what is -270 + 0?
-270
In base 4, what is -330 + 32?
-232
In base 2, what is 11 + 11010?
11101
In base 3, what is 12 + 2102?
2121
In base 7, what is 25061 + -5?
25053
In base 7, what is 10 + 2416?
2426
In base 9, what is 5 + 32?
37
In base 5, what is -10 + 12344?
12334
In base 2, what is 11001101011101 + -10?
11001101011011
In base 16, what is 5 - -6e7?
6ec
In base 6, what is 3231 + -33?
3154
In base 3, what is 11 + 112?
200
In base 16, what is -3 - -47?
44
In base 14, what is 7c - 2?
7a
In base 2, what is -11 - -11111010?
11110111
In base 15, what is 4 - 22?
-1d
In base 15, what is 875 + 3?
878
In base 5, what is -10 + 14243?
14233
In base 16, what is 4d + 3?
50
In base 2, what is -111 - -1000111011?
1000110100
In base 9, what is 2 + -310?
-307
In base 12, what is 512 - 3?
50b
In base 7, what is -3 - -3164?
3161
In base 9, what is